the remainder when 57425 is divided by 4100.
25
What is the remainder when 8195 is divided by 1023?
11
Calculate the remainder when 28850 is divided by 994.
24
What is the remainder when 475 is divided by 197?
81
Calculate the remainder when 217673 is divided by 121.
115
Calculate the remainder when 71992 is divided by 125.
117
Calculate the remainder when 6692483 is divided by 1182.
1181
Calculate the remainder when 19994 is divided by 141.
113
What is the remainder when 4081 is divided by 1893?
295
Calculate the remainder when 1571 is divided by 422.
305
What is the remainder when 67415 is divided by 13?
10
What is the remainder when 5118 is divided by 1211?
274
Calculate the remainder when 6731 is divided by 58.
3
Calculate the remainder when 10072 is divided by 259.
230
What is the remainder when 286341 is divided by 12?
9
What is the remainder when 4901 is divided by 308?
281
Calculate the remainder when 135871 is divided by 64.
63
What is the remainder when 7729 is divided by 1909?
93
What is the remainder when 677 is divided by 308?
61
Calculate the remainder when 120578 is divided by 198.
194
Calculate the remainder when 36595 is divided by 11.
9
What is the remainder when 20209 is divided by 1453?
1320
Calculate the remainder when 193323 is divided by 38663.
8
What is the remainder when 26562 is divided by 115?
112
What is the remainder when 326861 is divided by 240?
221
Calculate the remainder when 3401 is divided by 3400.
1
What is the remainder when 2894 is divided by 360?
14
Calculate the remainder when 14781 is divided by 30.
21
Calculate the remainder when 239 is divided by 157.
82
What is the remainder when 112614 is divided by 1588?
1454
Calculate the remainder when 25477 is divided by 3088.
773
What is the remainder when 34522 is divided by 566?
562
Calculate the remainder when 2537 is divided by 73.
55
What is the remainder when 43395 is divided by 76?
75
Calculate the remainder when 8064 is divided by 309.
30
What is the remainder when 534309 is divided by 70?
69
Calculate the remainder when 223504 is divided by 55.
39
What is the remainder when 1717641 is divided by 1031?
1026
Calculate the remainder when 3614 is divided by 16.
14
What is the remainder when 115241 is divided by 1141?
0
Calculate the remainder when 48109 is divided by 48098.
11
Calculate the remainder when 4266 is divided by 1092.
990
What is the remainder when 1564 is divided by 360?
124
What is the remainder when 1178153 is divided by 155?
153
What is the remainder when 22870 is divided by 93?
85
Calculate the remainder when 106012 is divided by 35337.
1
What is the remainder when 20078 is divided by 43?
40
Calculate the remainder when 15593 is divided by 156.
149
Calculate the remainder when 3292 is divided by 976.
364
Calculate the remainder when 27153 is divided by 39.
9
What is the remainder when 8759 is divided by 42?
23
What is the remainder when 105828 is divided by 19?
17
Calculate the remainder when 922 is divided by 436.
50
Calculate the remainder when 387617 is divided by 32298.
41
What is the remainder when 168905 is divided by 127?
122
What is the remainder when 16055 is divided by 2301?
2249
Calculate the remainder when 18338 is divided by 161.
145
Calculate the remainder when 253 is divided by 48.
13
Calculate the remainder when 10671 is divided by 25.
21
Calculate the remainder when 457 is divided by 369.
88
What is the remainder when 108716 is divided by 120?
116
What is the remainder when 8569 is divided by 64?
57
Calculate the remainder when 4289 is divided by 217.
166
What is the remainder when 12331 is divided by 336?
235
What is the remainder when 9367 is divided by 869?
677
Calculate the remainder when 18295 is divided by 179.
37
Calculate the remainder when 27734 is divided by 76.
70
What is the remainder when 95240 is divided by 3068?
132
What is the remainder when 129259 is divided by 24?
19
What is the remainder when 620080 is divided by 89?
17
What is the remainder when 1776 is divided by 147?
12
Calculate the remainder when 2040 is divided by 1454.
586
What is the remainder when 4873 is divided by 315?
148
Calculate the remainder when 18456 is divided by 240.
216
Calculate the remainder when 1907764 is divided by 309.
307
What is the remainder when 4338 is divided by 2098?
142
What is the remainder when 31658 is divided by 10540?
38
What is the remainder when 31539 is divided by 7843?
167
What is the remainder when 36542 is divided by 630?
2
What is the remainder when 3148 is divided by 1674?
1474
What is the remainder when 14438 is divided by 424?
22
What is the remainder when 295113 is divided by 271?
265
Calculate the remainder when 1438178 is divided by 1495.
1483
What is the remainder when 1593077 is divided by 20?
17
Calculate the remainder when 396 is divided by 288.
108
Calculate the remainder when 474 is divided by 55.
34
Calculate the remainder when 1008 is divided by 25.
8
Calculate the remainder when 45150 is divided by 102.
66
What is the remainder when 149849 is divided by 49943?
20
Calculate the remainder when 1152253 is divided by 71.
65
What is the remainder when 8194946 is divided by 194?
192
What is the remainder when 18710 is divided by 18710?
0
Calculate the remainder when 32678 is divided by 16332.
14
Calculate the remainder when 3223 is divided by 1411.
401
What is the remainder when 21778 is divided by 10880?
18
Calculate the remainder when 30218 is divided by 7548.
26
What is the remainder when 443 is divided by 48?
11
What is the remainder when 274818 is divided by 12488?
82
Calculate the remainder when 4621 is divided by 1799.
1023
Calculate the remainder when 56472 is divided by 11.
9
Calculate the remainder when 24285 is divided by 88.
85
Calculate the remainder when 77264 is divided by 129.
122
What is the remainder when 27481 is divided by 104?
25
Calculate the remainder when 40828 is divided by 186.
94
What is the remainder when 648 is divided by 83?
67
Calculate the remainder when 12575 is divided by 49.
31
What is the remainder when 166355 is divided by 542?
503
Calculate the remainder when 55191 is divided by 3446.
55
Calculate the remainder when 1253770 is divided by 36.
34
Calculate the remainder when 81321 is divided by 11610.
51
What is the remainder when 44519 is divided by 46?
37
What is the remainder when 10289 is divided by 2057?
4
Calculate the remainder when 6143 is divided by 10.
3
What is the remainder when 8137 is divided by 10?
7
What is the remainder when 84186 is divided by 1080?
1026
What is the remainder when 3116 is divided by 445?
1
Calculate the remainder when 1810528 is divided by 156.
148
What is the remainder when 7519 is divided by 2186?
961
Calculate the remainder when 9824 is divided by 99.
23
What is the remainder when 2197 is divided by 1076?
45
Calculate the remainder when 192368 is divided by 164.
160
Calculate the remainder when 5131 is divided by 233.
5
What is the remainder when 22904 is divided by 5704?
88
Calculate the remainder when 66466 is divided by 18.
10
Calculate the remainder when 184360 is divided by 134.
110
What is the remainder when 7701 is divided by 2562?
15
What is the remainder when 58744 is divided by 76?
72
Calculate the remainder when 10524 is divided by 3506.
6
What is the remainder when 1148 is divided by 867?
281
What is the remainder when 70111 is divided by 54?
19
Calculate the remainder when 18157 is divided by 10.
7
Calculate the remainder when 9990 is divided by 474.
36
Calculate the remainder when 70860 is divided by 7086.
0
What is the remainder when 9364 is divided by 793?
641
What is the remainder when 6629 is divided by 6613?
16
What is the remainder when 174901 is divided by 474?
469
Calculate the remainder when 744 is divided by 104.
16
Calculate the remainder when 2213 is divided by 163.
94
What is the remainder when 462767 is divided by 11287?
0
Calculate the remainder when 6322 is divided by 173.
94
Calculate the remainder when 14350 is divided by 2861.
45
What is the remainder when 4270 is divided by 1390?
100
What is the remainder when 10881 is divided by 2175?
6
Calculate the remainder when 8360 is divided by 210.
170
Calculate the remainder when 3085 is divided by 2994.
91
Calculate the remainder when 58756 is d